. What are the prime factors of s?
7, 31
Suppose -4*o + 495 = -s, -3*o + 5*s + 372 = 4*s. List the prime factors of o.
3, 41
Let k be ((-2 + 0)/(-1))/(-2). Let c be (2 - (-2)/(-2)) + k. What are the prime factors of 1 + (9 - c) + 0?
2, 5
Let z(v) be the third derivative of v**6/120 - 11*v**5/60 + v**4/2 - v**3/2 + 3*v**2. What are the prime factors of z(10)?
17
What are the prime factors of (-6335)/(-25) - 2/5?
11, 23
Let a = 115 - 20. Suppose -4*w = w - a. What are the prime factors of w?
19
Let q be 56/10 + (-3)/5. Let b = q - 2. Suppose 0 = b*u - 90 + 36. List the prime factors of u.
2, 3
Let s = -27 - -57. Suppose 2*j - j = 2*x - s, -16 = 4*j. What are the prime factors of x?
13
Let z = 4 - 6. Let d = z + 8. What are the prime factors of d?
2, 3
Suppose -13*u + 232 = -9*u. List the prime factors of u.
2, 29
Let s(u) = -u**3 - 4*u**2 + 10*u + 8. Suppose -3*t = -4*t - 3. Let y be t/(-4 - -1) + -7. What are the prime factors of s(y)?
2, 5
Let y(a) be the first derivative of -a**2/2 + 7*a - 1. Let d be y(4). Suppose 0*l + d*l - 9 = 0. List the prime factors of l.
3
Let w = -7 - -7. Suppose -3*c + 15 - 3 = w. List the prime factors of c.
2
Let f = -5 + 1. Let y = f - -5. Suppose y + 8 = n. List the prime factors of n.
3
Let u = 188 - 127. List the prime factors of u.
61
Suppose 2*r = -2*r + d + 65, -3*d = -9. Let h = r - 25. Let a = 16 + h. What are the prime factors of a?
2
Let l = 16 + -14. Let n = 0 + l. What are the prime factors of n?
2
Let m be (-2 - (0 - 2)) + 23. Let v = -6 + m. What are the prime factors of v?
17
Suppose a + 22 = 2*v, a + 10 = v - 1. List the prime factors of v.
11
What are the prime factors of (0 - -1)/(2/34)?
17
Let j be (-18)/(-10) + 2/10. Suppose 2*m - 4*m + j*x - 4 = 0, 2*m + 2*x = 12. What are the prime factors of m?
2
List the prime factors of (11 - -56)/(1 + 0).
67
Let d(f) = -f**3 - 7*f**2 + 7*f + 3. Let i(h) = -h - 15. Let b be i(-7). Let w be d(b). Let x = w + -7. List the prime factors of x.
2
What are the prime factors of -1 - 0 - 3*-19?
2, 7
Let g = -6 + 11. Suppose 29 = -4*y + g*y. List the prime factors of y.
29
Suppose 0 = -t - 2*t + 9. Suppose 0*z = z - 5*s - 12, 3 = -t*s. List the prime factors of z.
7
Let l = -87 + 188. List the prime factors of l.
101
Let o be (-1)/(-4) + 19/4. Suppose i = l + 13, o*i + 2*l - 3*l = 53. What are the prime factors of -2 + (i - (-2 + 0))?
2, 5
Suppose -39 = 4*x - 7*x. Suppose -o - x = -3*p, o - 3 = -p - 0. Suppose 4 = -4*h, 0 = -3*z - p*h + 43 - 11. What are the prime factors of z?
2, 3
Suppose 155 = 2*x + c, -216 = -3*x + c + 3*c. What are the prime factors of x?
2, 19
Let b(u) = -10*u**2 + 2*u - 1. Let m be b(1). Let f(d) = -3*d - 6. What are the prime factors of f(m)?
3, 7
What are the prime factors of (-1 + -1 - (-1 + -3)) + 32?
2, 17
Suppose -j = 4*j - 65. What are the prime factors of j + (-1 - (2 + -4))?
2, 7
Let m = 38 + -5. What are the prime factors of (m/9)/((-1)/(-3))?
11
Suppose 0 = 5*v - 5*t - 15, -2*v - 4*t = 2*v - 52. Let i(o) = -o**3 + 7*o**2 + 10*o + 9. What are the prime factors of i(v)?
5
Suppose -8*k = -3*k - 145. List the prime factors of k.
29
Let j = -5 + 6. Suppose j = -o, -3*v - o + 4*o = -72. What are the prime factors of v?
23
Suppose -19 + 45 = y - 4*j, 2*j - 32 = -4*y. List the prime factors of ((-65)/y)/(1/(-2)).
13
Let b be 6/12*6/(-1). Let x = 1 - b. Suppose 3*a = -x*s + 52, 5*s + 1 - 6 = 0. List the prime factors of a.
2
Suppose g = -2*d + 1 + 1, 5*g = 20. Let i(x) = -x**2 - 2*x - 1. Let a be i(d). Let n = a + 3. List the prime factors of n.
3
Let h(a) = -a + 2. Let w be h(0). Suppose -33 = w*p - 5*p. List the prime factors of p.
11
What are the prime factors of (-60)/(-110) - 2282/(-11)?
2, 13
Suppose 2*a - 62 = -0*a. What are the prime factors of a?
31
Let z = 8 - 5. Suppose z*x + 66 = -2*u, -x = -3*u + 3*x - 65. List the prime factors of (u/12)/(2/(-8)).
3
Let y = 2 - -1. What are the prime factors of y/(((-18)/(-16))/3)?
2
Let u be (-14)/21 + (-23)/(-3). Suppose 3*m - 2 = u. List the prime factors of -2 + -4 + m + 23.
2, 5
Suppose 5*a = -0*a + 700. List the prime factors of a.
2, 5, 7
Let t = 5 - 2. Suppose 0*q - t*q + 30 = 0. List the prime factors of q.
2, 5
Let x = -1 + 4. Let t be 1/(-3) - 59/x. Let o = -9 - t. What are the prime factors of o?
11
Let n(v) = -v**3 + v**2 - 3. Let r be n(0). Let y = -2 - r. List the prime factors of -8*y/(-2) + 0.
2
Let j(l) = -l**2 - 7*l + 11. Let u be j(-8). Suppose -4*f = 2*t - 6, -u*t + 7 = 5*f - 5. What are the prime factors of t?
3
Let x(w) = w**3 + 5*w**2 + 4*w - 4. What are the prime factors of x(-3)?
2
Suppose 0 = -5*x + 2*t + 407, 0 = 5*t + 6 - 1. What are the prime factors of x?
3
Let a be 2/(-6) - 248/12. Let f = 50 + -21. Let h = f + a. What are the prime factors of h?
2
Let w(b) = -b**3 - 7*b**2 - 6*b + 4. Let o be w(-6). Suppose -114 = -o*z - 30. List the prime factors of z.
3, 7
Let u = 1 - -7. Let q = 13 - u. Suppose -q*k - 2 = r - k, -4*r + 16 = 4*k. What are the prime factors of r?
2, 3
Suppose -4*r - 10 = 2. What are the prime factors of r*3/(27/(-87))?
29
Let a be -1 - (8/(-4) + -90). Let q = a - 40. What are the prime factors of q?
3, 17
Suppose 4*k - 2*k - 29 = 3*w, -5*k + 84 = 4*w. List the prime factors of k.
2
Let g(w) = w**3 - 2*w**2 - 7*w + 3. Let r be g(6). Suppose -m + r = 4*m. Suppose 3*y - x = -4*x + m, y - 5*x - 31 = 0. What are the prime factors of y?
11
Let n be 6/4*(-12)/(-9). What are the prime factors of 5 + -3 - (-2)/n?
3
Suppose -s = -3*r - 48 + 9, s - 5*r - 45 = 0. Suppose 29 = 4*i + 2*h - 41, 3*i - s = 3*h. List the prime factors of (-10)/i + 46/6.
7
Let j(k) = -k**2 - 8*k - 8. Let w be j(-6). List the prime factors of (30/w)/(9/12).
2, 5
Suppose 72 = 3*a + 18. List the prime factors of a.
2, 3
Let a(k) = k**2 + 7*k - 4. Let w be a(-8). Let z(c) = 2*c**2 - 2*c - 2. What are the prime factors of z(w)?
2, 11
Suppose 3*w = 2*w + 147. What are the prime factors of w?
3, 7
Let p = -198 - -495. What are the prime factors of p?
3, 11
Suppose -p = g - 6, 3 = -g + 4*p + 4. Suppose 0 = -g*h + 3*h + 14. List the prime factors of h.
7
Let o = 7 + -5. Let v be 6 - 7 - (-8)/o. Let y(p) = p**2 + 2*p + 1. List the prime factors of y(v).
2
Let m = 7 - 3. Let o(t) = -2*t + 7. Let g be o(5). Let j = m - g. What are the prime factors of j?
7
Let y = -5 + 5. Suppose y = 3*s + 4*k - 58, 3*k - 2*k = 4. What are the prime factors of s?
2, 7
Suppose 12 = 2*z + 2*d, -3*d + 15 = 2*z - 4*d. Let t = -3 + z. Suppose -5*o + y + 48 = 0, 4*o = -y + t*y + 45. List the prime factors of o.
3
Suppose 2*u + 90 = 5*o, -4*u = -o + 20 - 2. List the prime factors of o.
2, 3
Let d(g) be the third derivative of 0 + 0*g + 2/15*g**5 - 1/12*g**4 + 2*g**2 + 1/6*g**3. What are the prime factors of d(1)?
7
Suppose -l + 174 = -0*l. List the prime factors of 4/16 - l/(-8).
2, 11
Suppose -123 = -7*s + 220. List the prime factors of s.
7
Suppose -4*a = a + 15, -2*n - 12 = 4*a. Let o(m) = m**2 + m + 3. Let i be o(n). Let f = i - 1. What are the prime factors of f?
2
Let t = -14 - -23. Let u = t - 0. What are the prime factors of u?
3
Let c be 1/((-2)/(-8)*1). Suppose -5*t = 5*l - t - 66, t - c = 0. What are the prime factors of l?
2, 5
Let d(f) = -f**2 - 16*f - 2. What are the prime factors of d(-15)?
13
Let j(x) = -x**3 - 17*x**2 - 4*x - 12. What are the prime factors of j(-17)?
2, 7
Let m be 5/10 + 69/2. What are the prime factors of (-10)/m - (-135)/7?
19
Suppose o = 3*o - 8. What are the prime factors of (-2 + 8)*26/o?
3, 13
Let w be 0 + 2 + -1 - -2. Suppose 2*z = b + 3*b + 28, 5*b = w*z - 36. Let f(c) = c**2 + 4*c - 8. What are the prime factors of f(b)?
2
Suppose -5*z + 0 = -10. Suppose 3*b = -24 + 60. Suppose -z*v + b = -0*v. List the prime factors of v.
2, 3
Let p be 0 - (-3 - 0/(-2)). Suppose o = 2*o - p. List the prime factors of o.
3
Let i(l) be the third derivative of 19*l**4/24 - l**3/6 + 2*l**2. Let x be i(-1). List the prime factors of (6/(-4))/(2/x).
3, 5
Suppose -4*q - 22 = -z, z + 4*q - 3 - 59 = 0. List the prime factors of z.
2, 3, 7
Let r be 1 + -2 - -1 - -2. Let h(y) = -2*y + 2*y + r - y**2. List the prime factors of h(0).
2
Suppose -5*z + 206 = -189. List the prime factors of z.
79
Suppose s + 3*t + 13 = 0, 2*s + 3*s - 20 = 2*t. Let h = 6 + -2. Suppose 19 = s*w - w + 3*k, 0 = -5*w 